greatest common divisor of 7225 and 81175.
425
Calculate the highest common factor of 147 and 789.
3
What is the highest common factor of 190519 and 42?
7
Calculate the highest common factor of 23791 and 222.
37
What is the greatest common factor of 28 and 141099?
7
What is the greatest common factor of 658 and 29422?
94
Calculate the greatest common divisor of 65 and 616252.
13
Calculate the highest common factor of 1568 and 1888.
32
What is the highest common factor of 56646 and 144?
18
Calculate the greatest common divisor of 38031 and 63.
21
What is the highest common divisor of 53841 and 274?
137
What is the greatest common divisor of 28262 and 260?
26
Calculate the greatest common factor of 1275 and 15725.
425
What is the greatest common divisor of 570 and 505248?
114
What is the greatest common divisor of 12031347 and 1821?
1821
What is the highest common factor of 19928 and 1645?
47
What is the greatest common factor of 15431 and 26?
13
Calculate the highest common divisor of 16133 and 3536.
221
Calculate the highest common factor of 33 and 156882.
33
What is the greatest common factor of 239528 and 158?
158
What is the highest common factor of 4652024 and 820?
164
What is the greatest common factor of 21 and 2260272?
21
Calculate the greatest common factor of 62258 and 18.
2
Calculate the highest common divisor of 15356 and 6631.
349
What is the greatest common factor of 3107 and 5122?
13
What is the greatest common factor of 363 and 5533?
11
What is the greatest common factor of 748 and 1207?
17
Calculate the highest common divisor of 91 and 7203469.
91
Calculate the highest common divisor of 469760 and 6973.
367
What is the highest common factor of 528 and 4854?
6
What is the highest common factor of 1215 and 1161?
27
Calculate the greatest common factor of 1261 and 17732.
13
What is the greatest common divisor of 40 and 295140?
20
Calculate the highest common divisor of 11557 and 182.
91
Calculate the greatest common factor of 2303 and 48167.
49
Calculate the greatest common divisor of 407673 and 21.
21
Calculate the highest common factor of 87111 and 261.
9
Calculate the highest common factor of 37765 and 161.
7
Calculate the greatest common factor of 64800 and 1152.
288
What is the greatest common divisor of 882 and 18718?
98
What is the greatest common divisor of 121880 and 550?
110
What is the greatest common divisor of 6555 and 3192?
57
What is the highest common factor of 5550 and 17538?
222
Calculate the greatest common divisor of 1432414 and 1328.
166
What is the greatest common divisor of 608490 and 270?
90
Calculate the highest common factor of 4856 and 332.
4
What is the highest common factor of 71740 and 90?
10
What is the greatest common factor of 133281 and 18?
9
What is the highest common divisor of 168 and 234600?
24
What is the greatest common divisor of 106477 and 18550?
371
Calculate the greatest common divisor of 15 and 70815.
15
What is the highest common divisor of 11239112 and 248?
248
What is the greatest common factor of 1062853 and 23?
23
What is the highest common divisor of 336 and 1608?
24
Calculate the greatest common factor of 1212 and 12.
12
Calculate the greatest common factor of 94086 and 18.
18
What is the highest common factor of 9219 and 567?
21
Calculate the highest common divisor of 86 and 46096.
86
What is the greatest common factor of 448 and 24248?
56
What is the highest common divisor of 7290 and 30?
30
Calculate the highest common factor of 438 and 64094.
146
Calculate the highest common factor of 260848 and 42.
14
What is the greatest common divisor of 2088 and 312?
24
What is the highest common factor of 34973 and 231163?
853
What is the highest common divisor of 326876 and 1496?
748
Calculate the highest common factor of 180 and 49548.
12
What is the greatest common factor of 1072681 and 116?
29
What is the greatest common factor of 80 and 10680?
40
Calculate the highest common factor of 57 and 7571481.
57
Calculate the greatest common divisor of 2110 and 50851.
211
What is the highest common divisor of 87802 and 78?
26
What is the greatest common factor of 128 and 15680?
64
What is the highest common factor of 1263 and 205027?
421
Calculate the highest common factor of 24720 and 2640.
240
What is the highest common divisor of 975565 and 2950?
295
What is the greatest common divisor of 144 and 14481?
9
Calculate the greatest common factor of 63 and 3424827.
21
Calculate the highest common divisor of 418646 and 76.
38
Calculate the highest common divisor of 264 and 4658478.
66
Calculate the highest common divisor of 1196 and 8924.
92
What is the highest common factor of 510 and 109905?
255
Calculate the highest common factor of 6201 and 3339.
477
What is the highest common factor of 10160903 and 37?
37
Calculate the greatest common factor of 22 and 57299.
11
What is the highest common factor of 1415 and 1645?
5
What is the greatest common factor of 11237 and 39219?
17
What is the greatest common factor of 28 and 8848?
28
What is the highest common divisor of 11 and 684?
1
What is the greatest common factor of 2 and 73956?
2
What is the greatest common factor of 180 and 32440?
20
What is the highest common divisor of 204875 and 165?
55
What is the greatest common factor of 250635 and 385?
385
Calculate the highest common factor of 4239783 and 81.
81
Calculate the greatest common factor of 2544 and 7344.
48
Calculate the highest common factor of 27937 and 1183.
91
Calculate the highest common factor of 564152 and 12.
4
What is the greatest common divisor of 7782 and 15?
3
What is the greatest common factor of 3577 and 336?
7
Calculate the highest common divisor of 19558 and 462.
154
What is the highest common divisor of 4606 and 1862?
98
What is the highest common divisor of 30130 and 9890?
230
What is the highest common factor of 13345 and 22765?
785
Calculate the greatest common factor of 657 and 279.
9
Calculate the highest common factor of 2059272 and 72.
72
Calculate the highest common divisor of 244730 and 160.
10
What is the highest common divisor of 50862 and 7203?
147
What is the greatest common factor of 85293 and 108?
27
Calculate the greatest common divisor of 136 and 8828.
4
What is the greatest common divisor of 7296 and 228?
228
Calculate the greatest common divisor of 79 and 667629.
79
What is the highest common factor of 80062 and 40?
2
What is the highest common factor of 3520 and 330?
110
What is the greatest common factor of 8962838 and 83?
83
What is the highest common divisor of 2637 and 30?
3
What is the greatest common divisor of 286096 and 80?
16
Calculate the greatest common divisor of 1230 and 264040.
410
What is the highest common factor of 1680 and 14160?
240
What is the highest common divisor of 88656 and 144?
48
What is the highest common divisor of 16884 and 1260?
252
What is the greatest common factor of 39237 and 1804?
451
Calculate the greatest common factor of 3784 and 142803.
43
Calculate the greatest common factor of 1742 and 161068.
134
What is the highest common factor of 922 and 123087?
461
Calculate the highest common factor of 20108 and 4708.
44
What is the highest common factor of 439145 and 105?
35
Calculate the greatest common divisor of 3 and 6709.
1
Calculate the highest common divisor of 208243 and 71.
71
Calculate the highest common factor of 418 and 15618.
38
Calculate the greatest common factor of 115910 and 12864.
134
What is the highest common divisor of 448362 and 3312?
414
Calculate the highest common divisor of 900 and 66180.
60
What is the greatest common divisor of 132 and 4576?
44
What is the greatest common factor of 2245 and 36369?
449
Calculate the highest common divisor of 3927 and 27335.
77
Calculate the greatest common divisor of 56 and 282856.
56
What is the highest common factor of 79121 and 161?
7
What is the highest common factor of 79761 and 33?
33
Calculate the greatest common factor of 6862 and 19710.
146
What is the greatest common divisor of 18560 and 4060?
580
Calculate the highest common divisor of 80 and 2160.
80
Calculate the greatest common factor of 1551312 and 133.
133
Calculate the highest common divisor of 567 and 16227.
27
What is the highest common factor of 5209780 and 20?
20
What is the highest co